{"id":189,"date":"2019-02-13T11:43:14","date_gmt":"2019-02-13T11:43:14","guid":{"rendered":"http:\/\/sopemi.es\/?page_id=189"},"modified":"2020-12-02T12:52:25","modified_gmt":"2020-12-02T12:52:25","slug":"informacion-sobre-discapacidad","status":"publish","type":"page","link":"http:\/\/sopemi.es\/?page_id=189","title":{"rendered":"INFORMACI\u00d3N DISCAPACIDAD"},"content":{"rendered":"<p>Nuestra asociaci\u00f3n SOPEMI desarrolla un programa de Normalizaci\u00f3n en la modalidad: \u201cPrograma de Informaci\u00f3n a la Poblaci\u00f3n y de promoci\u00f3n de la imagen de las personas con discapacidad\u201d. Financiado por el SEPAD de la Junta de Extremadura.<\/p>\n<div class=\"moz-forward-container\"><\/div>\n<div class=\"moz-forward-container\">No se trata de una p\u00e1gina de contenidos, ya que estos normalmente ya est\u00e1n en internet, sino de facilitar el acceso a esos contenidos.\u00a0<strong>Por ejemplo, si una persona quiere averiguar los requisitos para percibir una pensi\u00f3n de invalidez, se le proporcionar\u00e1 el enlace a la p\u00e1gina web de la administraci\u00f3n correspondiente donde aparece toda la informaci\u00f3n requerida.<\/strong><\/div>\n<p>Si necesitas cualquier tipo de informaci\u00f3n sobre discapacidad puedes consultar el siguiente enlace:<\/p>\n<p style=\"text-align: center;\"><a href=\"http:\/\/www.capacidades.info\">www.capacidades.info<\/a><\/p>\n<p>&nbsp;<\/p>\n<p>&nbsp;<\/p>\n","protected":false},"excerpt":{"rendered":"<p>Nuestra asociaci\u00f3n SOPEMI desarrolla un programa de Normalizaci\u00f3n en la modalidad: \u201cPrograma de Informaci\u00f3n a la Poblaci\u00f3n y de promoci\u00f3n de la imagen de las personas con discapacidad\u201d. Financiado por el SEPAD de la Junta de Extremadura. No se trata de una p\u00e1gina de contenidos, ya que estos normalmente ya est\u00e1n en internet, sino de <a href=\"http:\/\/sopemi.es\/?page_id=189\" class=\"more-link\">...contin\u00faa leyendo<span class=\"screen-reader-text\"> \"INFORMACI\u00d3N DISCAPACIDAD\"<\/span><\/a><\/p>\n","protected":false},"author":1,"featured_media":190,"parent":0,"menu_order":0,"comment_status":"closed","ping_status":"closed","template":"","meta":{"footnotes":""},"class_list":["post-189","page","type-page","status-publish","has-post-thumbnail","h-entry","hentry","h-as-page"],"_links":{"self":[{"href":"http:\/\/sopemi.es\/index.php?rest_route=\/wp\/v2\/pages\/189","targetHints":{"allow":["GET"]}}],"collection":[{"href":"http:\/\/sopemi.es\/index.php?rest_route=\/wp\/v2\/pages"}],"about":[{"href":"http:\/\/sopemi.es\/index.php?rest_route=\/wp\/v2\/types\/page"}],"author":[{"embeddable":true,"href":"http:\/\/sopemi.es\/index.php?rest_route=\/wp\/v2\/users\/1"}],"replies":[{"embeddable":true,"href":"http:\/\/sopemi.es\/index.php?rest_route=%2Fwp%2Fv2%2Fcomments&post=189"}],"version-history":[{"count":6,"href":"http:\/\/sopemi.es\/index.php?rest_route=\/wp\/v2\/pages\/189\/revisions"}],"predecessor-version":[{"id":232,"href":"http:\/\/sopemi.es\/index.php?rest_route=\/wp\/v2\/pages\/189\/revisions\/232"}],"wp:featuredmedia":[{"embeddable":true,"href":"http:\/\/sopemi.es\/index.php?rest_route=\/wp\/v2\/media\/190"}],"wp:attachment":[{"href":"http:\/\/sopemi.es\/index.php?rest_route=%2Fwp%2Fv2%2Fmedia&parent=189"}],"curies":[{"name":"wp","href":"https:\/\/api.w.org\/{rel}","templated":true}]}}